e v(61).
-3711
Let v(q) = -8*q**2 - 2153*q + 1928. Give v(-270).
38
Let j(n) = -3*n**2 - 1582*n + 82858. Calculate j(48).
10
Let o(p) = 2494*p - 419014. Calculate o(168).
-22
Let b(o) = 566*o - 171723. Calculate b(303).
-225
Let s(w) = -5*w**2 + 540*w - 5820. Determine s(96).
-60
Let r(h) = 10028*h + 7200102. Give r(-718).
-2
Let j(h) = 3*h**2 - 2257*h + 75319. Give j(35).
-1
Let k(z) = -2*z**2 + 70*z + 528. Give k(40).
128
Let g(x) = 3465*x + 55433. Give g(-16).
-7
Let g(r) = -3*r**3 + 254*r**2 + 878*r + 173. Calculate g(88).
-3
Let q(p) = 5*p**3 - 809*p**2 - 161*p + 85. What is q(162)?
247
Let c(s) = 112*s + 12310. Give c(-110).
-10
Let u(n) = -155*n - 3362. Calculate u(-22).
48
Let o(b) = -6*b**2 + 25904*b - 3581587. Determine o(143).
-9
Let s(x) = -3427*x - 483169. Determine s(-141).
38
Let q(c) = 10*c**3 - 160*c**2 - 16*c + 179. Give q(16).
-77
Let o(d) = -3*d**2 + 49*d + 997. Give o(-13).
-147
Let v(h) = 4*h**2 - 154*h + 78. Determine v(36).
-282
Let k(o) = 10*o**3 + 695*o**2 - 338*o + 500. Give k(-70).
-340
Let z(v) = 148764*v - 2677752. Determine z(18).
0
Let d(z) = -z**2 + 132*z - 1852. Calculate d(20).
388
Let g(v) = v**2 + 3715*v + 765698. Calculate g(-219).
74
Let k(j) = -33680*j + 201922. What is k(6)?
-158
Let s(o) = -21323*o + 128207. Determine s(6).
269
Let g(r) = r**3 - 4*r**2 - 7250*r + 29001. Give g(4).
1
Let g(n) = -n**3 + 72*n**2 + 654*n - 1199. Calculate g(80).
-79
Let g(w) = -w**2 - 20149*w - 3138743. What is g(-157)?
1
Let w(c) = -2154*c - 20641. Determine w(-9).
-1255
Let a(y) = 37*y**3 - 311*y**2 - 73*y + 133. Give a(9).
1258
Let p(u) = -4*u**3 + 10*u**2 + 49*u + 127. Give p(-4).
347
Let k(a) = 3*a**3 + 3*a**2 + 221*a - 1287. Give k(0).
-1287
Let k(q) = -20*q**2 + 178*q + 238. What is k(11)?
-224
Let r(s) = s**3 - 86*s**2 - 756*s + 207. Give r(94).
-169
Let t(a) = -11471*a + 68233. Give t(6).
-593
Let z(r) = -r**3 - 7*r**2 - 182*r - 1285. Determine z(-7).
-11
Let a(p) = -p**2 + 118*p + 1869. What is a(129)?
450
Let b(f) = -58744*f + 528696. Calculate b(9).
0
Let a(k) = 7429*k + 7420. What is a(-1)?
-9
Let g(i) = -2*i**3 - 122*i**2 + 8*i + 187. Give g(-61).
-301
Let w(b) = 105*b + 6859. Determine w(-67).
-176
Let x(m) = -m**2 + 270*m - 3812. Determine x(15).
13
Let m(t) = -483*t**3 + 10*t**2 + 9*t + 1. Calculate m(-1).
485
Let v(f) = -10454*f + 5352439. Calculate v(512).
-9
Let w(r) = 2*r**2 + 45*r - 1846. Determine w(24).
386
Let o(p) = -2*p**3 - 21*p**2 - 7*p - 17. Calculate o(-7).
-311
Let b(p) = 6*p**2 + 53*p - 622. Give b(-22).
1116
Let s(l) = -9*l**2 - 112*l - 49. Calculate s(-21).
-1666
Let k(i) = -i**3 + 59*i**2 - 342*i + 12973. What is k(57)?
-23
Let h(v) = v**3 - 204*v**2 + 406*v - 1079. Give h(202).
-675
Let s(w) = 1234*w + 69092. Calculate s(-56).
-12
Let r(h) = -2804*h - 42242. What is r(-15)?
-182
Let l(k) = 54*k**3 + 326*k**2 + 276*k - 7. What is l(-5)?
13
Let r(o) = -651564*o + 1303115. What is r(2)?
-13
Let u(t) = -265036*t - 2385325. Determine u(-9).
-1
Let u(a) = a**3 - 289*a**2 + 13273*a + 28868. What is u(231)?
-7
Let f(c) = 41704*c + 3002691. Calculate f(-72).
3
Let v(z) = 906*z**2 + 71572*z - 148. Give v(-79).
10
Let o(w) = -3*w**2 - 783*w - 15170. Give o(-21).
-50
Let r(a) = 4*a + 621. Determine r(-68).
349
Let d(q) = 1508*q - 122136. Determine d(81).
12
Let z(y) = 4936*y + 50089. Give z(-10).
729
Let k(i) = -i**3 + 200*i**2 - 6405*i + 183. Determine k(40).
-17
Let y(c) = -193*c**2 + 36*c - 113. What is y(0)?
-113
Let n(p) = 41169*p - 82003. What is n(2)?
335
Let b(y) = -y**2 + 626*y - 35964. Determine b(562).
4
Let m(v) = -v**2 - 6647*v - 72985. Calculate m(-11).
11
Let t(r) = 3195*r - 157865. Give t(51).
5080
Let f(b) = -1250*b + 7913. Calculate f(6).
413
Let q(x) = -107278*x + 1609140. Give q(15).
-30
Let p(m) = -153618*m - 614508. Give p(-4).
-36
Let a(m) = -53*m**3 - 30*m - 685. Give a(0).
-685
Let t(i) = 10245*i - 9743002. Give t(951).
-7
Let s(v) = -34*v**2 + 514*v - 1910. Calculate s(8).
26
Let k(d) = 6*d**2 + 1255*d + 24714. Give k(-22).
8
Let q(w) = -3*w**3 + 64*w**2 - 200*w - 180. What is q(5)?
45
Let f(b) = -1808*b + 545997. Calculate f(302).
-19
Let y(p) = 3145*p + 5355. What is y(-1)?
2210
Let c(k) = -6*k**3 + 602*k**2 + 1643*k + 589. What is c(103)?
74
Let f(z) = -75034*z + 2476117. Calculate f(33).
-5
Let k(l) = 20*l**2 - 1828*l + 704. What is k(91)?
-24
Let x(o) = -32*o**3 + 82*o**2 - 150*o + 66. What is x(1)?
-34
Let q(k) = 13*k**2 - 96*k - 98. Determine q(9).
91
Let t(l) = -31127*l - 435800. Calculate t(-14).
-22
Let a(m) = -m**2 + 8632*m + 60514. What is a(-7)?
41
Let u(i) = -12*i**2 - 85*i + 405. What is u(-16)?
-1307
Let k(n) = -127*n**3 + 44*n**2 - 15*n - 17. What is k(2)?
-887
Let v(y) = 2*y**2 - 240*y + 4469. What is v(93)?
-553
Let v(c) = 29*c**2 - 30089*c - 30088. What is v(-1)?
30
Let z(f) = -168*f**2 - 420*f - 216. Determine z(-5).
-2316
Let n(u) = -u**3 - 121*u**2 + 18*u + 2349. Give n(-121).
171
Let v(c) = -c**3 + 13*c**2 - 313*c + 2596. Calculate v(9).
103
Let l(t) = t**3 - 38*t**2 - 2041*t + 119. Determine l(68).
51
Let j(t) = -76790*t - 1996547. Calculate j(-26).
-7
Let i(r) = -71295*r + 7200771. Calculate i(101).
-24
Let k(m) = -2215*m - 22112. Calculate k(-10).
38
Let k(d) = 1984*d**2 - 747972*d + 1510. Determine k(377).
2
Let d(i) = -i**3 + 129*i**2 - 383*i + 140. Give d(126).
-490
Let p(q) = 1801*q**2 - 2*q - 4. What is p(1)?
1795
Let m(o) = -o**3 + 42*o**2 + 98. Calculate m(42).
98
Let l(d) = 825*d + 12108. Determine l(-15).
-267
Let u(x) = 558466*x + 26247896. Determine u(-47).
-6
Let c(y) = -1234*y + 41782. What is c(34)?
-174
Let u(j) = 2*j**2 + 343368*j + 2060148. What is u(-6)?
12
Let y(d) = 15121*d - 347893. Determine y(23).
-110
Let s(z) = -z**2 - 46*z - 523. Determine s(-33).
-94
Let l(v) = -846*v + 22781. Determine l(27).
-61
Let n(k) = 16*k - 2111. Calculate n(147).
241
Let v(m) = m**3 + 64*m**2 + 228*m - 721. Calculate v(-60).
-1
Let v(w) = -6*w**3 - 996*w**2 + 807*w + 133966. What is v(-166)?
4
Let c(d) = 2*d**3 + 103*d**2 - 22*d - 3737. Determine c(-51).
-14
Let s(g) = -277*g - 31174. What is s(-111)?
-427
Let k(w) = -17542*w - 87823. Give k(-5).
-113
Let l(u) = 18*u**3 + 8*u**2 + 90*u - 267. What is l(3)?
561
Let l(k) = -31*k**3 + 1489*k**2 - 65*k + 795. What is l(48)?
-21
Let q(c) = -c**3 - 773*c**2 + 2384*c + 43432. What is q(-776)?
-24
Let w(b) = -b**3 + 301*b**2 - 20845*b + 102. Give w(108).
-6
Let r(a) = -2*a**2 - 529*a + 3453. Determine r(0).
3453
Let m(o) = 163*o - 2027. Determine m(37).
4004
Let r(t) = t**2 + 3820*t + 22895. Give r(-6).
11
Let w(i) = i**3 - 11*i**2 + 19*i - 359. Calculate w(12).
13
Let v(m) = -47*m**2 - 1668*m - 852. Give v(-35).
-47
Let w(i) = -2*i**2 + 2160*i - 577357. Calculate w(594).
11
Let h(r) = 2*r**2 - 90*r + 918. Calculate h(12).
126
Let d(u) = -1817*u**2 + 7439*u + 7439. Calculate d(-1).
-1817
Let c(f) = -14269*f + 856112. What is c(60)?
-28
Let n(m) = m**3 + 253*m**2 + 3567*m - 731. Determine n(-238).
-17
Let k(g) = -2*g**3 + 2674*g**2 - 26539*g - 31. What is k(10)?
-21
Let k(g) = 5*g**2 + 79*g + 18. Calculate k(-1).
-56
Let j(z) = 288*z**3 - 10*z**2 - 11*z + 23. Give j(2).
2265
Let p(g) = -258*g - 4928. Calculate p(-19).
-26
Let b(h) = -13*h**3 - h**2 + 22*h + 85. What is b(-3)?
361
Let i(r) = 16*r**2 - 33*r - 148. What is i(-3)?
95
Let z(y) = 13*y**2 - 685*y - 208479. Determine z(-103).
-7
Let f(w) = -26035*w - 104150. Give f(-4).
-10
Let b(f) = -807687*f - 114691551. Give b(-142).
3
Let n(z) = 35*z**3 + 12*z**2 + 40*z + 134. What is n(-4)?
-2074
Let p(d) = -45412*d - 3769199. Give p(-83).
-3
Let i(k) = k**2 - 1030*k - 756. What is i(0)?
-756
Let r(i) = -2*i**3 + 321*i**2 + 833*i - 215. Calculate r(163).
2719
Let s(u) = -620*u + 247126. Give s(399).
-254
Let m(k) = -2*k**3 - 31*k**2 - 98*k - 1518. Determine m(-15).
-273
Let g(m) = -81413*m + 244243. Calculate g(3).
4
Let a(g) = 2*g**3 + 806*g**2 - 7420*g - 1647. Give a(-412).
1
Let t(s) = s**2 + 456*s + 50451. Calculate t(-214).
-1337
Let l(m) = -404*m - 14888. Determine l(-37).
60
Let b(x) = -1437*x - 18411. What is b(-13)?
270
Let p(r) = r**2 - 64*r + 97. Determine p(11).
-486
Let h(r) = r**2 + 191*r - 8080. What is h(38)?
622
Let o(k) = -490*k + 288602. Give o(589).
-8
Let h(s) = -852*s + 11744. Determine h(15).
-1036
Let k(q) = -q**2 - 189348*q -